2 + 32*v + 1. List the prime factors of l(1).
11, 3697
Let c(k) be the second derivative of -12*k**5/5 + k**4/12 + k**3/6 - k**2/2 + 17*k. Let s be c(-1). Suppose 4*x - 371 = -s. List the prime factors of x.
3
Let p be (-1 - (-6 - 0))/1. Let t(b) = -b**3 - b**2 - 9*b + 88. Let m be t(0). Suppose -m = -c + p*q, 0*q - 321 = -3*c - 4*q. What are the prime factors of c?
103
Let w = -9 - -3. Let f(y) = 8*y. Let a be f(w). Let s = a - -83. What are the prime factors of s?
5, 7
Let m = -1259 - -2059. Let a be 13/(65/m) + -2. Suppose 9*c = 10*c - a. What are the prime factors of c?
2, 79
Let c = 397 + -130. Suppose -c*y + 1044 = -263*y. What are the prime factors of y?
3, 29
Suppose 5*m = 10*m - 10. Let o be 53 + -53 - (-227 + (0 - 1)). Suppose 4*f + 16 = 0, 2*u - o = -m*f + f. What are the prime factors of u?
2, 29
Let o(j) be the third derivative of 0*j + 1/24*j**4 + 0 - 14*j**2 + j**3. List the prime factors of o(5).
11
Let q(k) = 2*k**2 + 7*k + 16. Let u(x) = -5*x**2 - 16*x - 32. Let l(d) = -9*q(d) - 4*u(d). What are the prime factors of l(-9)?
137
Let f(g) = 5*g + 47 + 4*g + 2*g**2 - 11*g - g**2. Let h = 58 + -58. List the prime factors of f(h).
47
Suppose -39*y + 44866 = 4*j - 37*y, 0 = -j - 2*y + 11227. What are the prime factors of j?
11213
Suppose -3*a - 2*t + 26648 = -7*t, 0 = 2*a - t - 17777. What are the prime factors of a?
17, 523
Let d(a) = -19*a + 95. Let w be d(-13). Suppose l - 3*r = w, l + 3*r = -0*r + 330. What are the prime factors of l?
2, 3, 7
Let a(p) = p**2 + 6*p + 233. Let i = 340 + -356. What are the prime factors of a(i)?
3, 131
Suppose 2*s - 11762 = -v, 3*v - 11*s + 12*s - 35266 = 0. What are the prime factors of v?
2, 3, 653
Let g be (45/27)/(5/6). Let t be (5 + -2)*(g - 1). List the prime factors of 121 + -4 + 6/t.
7, 17
What are the prime factors of (-4)/(-26) - (-5 - (-3586690)/(-65))?
3, 5, 13, 283
Suppose -y = v - 2 + 1, 5*y + 7 = -v. What are the prime factors of (-41697)/(-39) + y + (-120)/(-65)?
1069
Let g(a) = a**2 - 4*a - 14. Let t be g(7). Suppose 2*w + 0*k = -4*k, -5*w = 3*k - t. Suppose w*v = 45 + 13. What are the prime factors of v?
29
Suppose -8*v = -75 + 51. Suppose -4*z + v*r + r = -856, 0 = -4*z - 5*r + 883. What are the prime factors of z?
7, 31
Suppose 0 = 71*o + 85*o + 115*o - 1850117. List the prime factors of o.
6827
Let p = 2 + -1. Let g be 118/(5/10 - p). What are the prime factors of (g/10)/((-4)/10)?
59
Let u = 1637 + -741. What are the prime factors of u?
2, 7
Let k = -13 + 19. Suppose 0 = -4*l + 26 + k. Suppose -6*x - 292 = -l*x. List the prime factors of x.
2, 73
Let a(i) = 231*i**2 - 295*i - 4886. List the prime factors of a(-16).
2, 5, 5897
Let i = -5333 - -11593. What are the prime factors of i?
2, 5, 313
Let l(i) = 216*i**3 + 9*i**2 - 14*i. What are the prime factors of l(4)?
2, 37, 47
Suppose 17 = p + 5*l, 0*p = p + l - 37. Suppose 17 - p = 5*b. List the prime factors of (-302)/b + 2/(-5).
2, 3, 5
Suppose -3*c - 20 = -13*c. List the prime factors of (-1)/1 + 340 + (c - 6).
5, 67
Suppose -12*l + 20080 + 26456 = 0. List the prime factors of l.
2, 7, 277
Let d(y) = -2*y**3 - 9*y**2 - 6*y - 7. Suppose 9 = 3*m - 4*p + 25, -m + 3*p = 7. Let i be d(m). List the prime factors of (-2091)/(-12) - (15/12 - i).
2, 3, 29
Let t(l) = 257*l**2 - 5*l - 32. List the prime factors of t(-3).
2, 7, 41
Let g(w) = -146*w + 69. Let x be g(2). Let j = x - -702. List the prime factors of j.
479
Let h(f) = 562*f**2 - 16*f + 38. What are the prime factors of h(5)?
2, 17, 103
Let g be 1/4 + 70/8. Suppose a = 3*s + 663, 3*a - 28*s = -29*s + 1939. Suppose 0 = -g*z + 198 + a. List the prime factors of z.
2, 47
Suppose 1696*k = 1716*k - 1204520. What are the prime factors of k?
2, 30113
Let c be (-7)/2*(-12)/(-14)*-1. Suppose 4*m = c*m - 2*k - 47, -5*m - 290 = -k. Let r = 132 + m. List the prime factors of r.
3, 5
Let j be 17/(-68) + (-2)/(-8). Suppose 2*u - 17*n = -15*n + 840, 3*n + 9 = j. What are the prime factors of u?
3, 139
Let m be (-3)/((3 - 4)/3). Let c be -8 + m - 7*-1. Let a(y) = 9*y - 11. What are the prime factors of a(c)?
61
Let x(o) = 5*o**2 + 24*o + 3. Let f(l) = -2*l**2 + 2*l. Let a(k) = -3*f(k) + x(k). What are the prime factors of a(7)?
2, 167
Suppose 5*f + 3*h = 8852, 57*f - 2*h + 8853 = 62*f. List the prime factors of f.
7, 11, 23
Let z = -17 + -44. Let a = -57 - z. Suppose 2*q = 5*i + 300, i - 875 = -a*q - 253. What are the prime factors of q?
5, 31
Let x(y) = y**3 - 16*y**2 - 6*y + 21. Let z be x(17). Suppose -f - z = -3*f. Let w = f + -29. List the prime factors of w.
3, 5
Suppose -855*d = -838*d - 252569. List the prime factors of d.
83, 179
Suppose -5*v = -20*v - 225. List the prime factors of ((-5)/v)/((-3)/(-360)).
2, 5
Let b be -1 + ((-32)/(-4) - 4). Let g(m) = -13*m + 5*m + b*m + 1. List the prime factors of g(-18).
7, 13
Let m = 3509 + -3506. Let y be -8 - (0/(-2) - 1). List the prime factors of y*(-5 + 12/m).
7
Let a(j) be the third derivative of 93*j**4/8 + 3*j**3/2 + 17*j**2. Let l be a(-3). What are the prime factors of l/(-7) - (-16)/(-56)?
2, 59
Suppose 2*d - 6*d = -3*g - 340, 0 = 5*d + g - 406. List the prime factors of 10/(-5) + 1 + d.
3
Suppose 0 = -4*c - 8 + 24. Let p be (c - 22/4)*-2. Suppose -p*l + 285 = -0*l. List the prime factors of l.
5, 19
Let u = 11980 - 7048. List the prime factors of u.
2, 3, 137
Let f be (-3)/2*(192/18)/8. What are the prime factors of (f/8)/((-2)/2504)?
313
Let n(j) = j + 3. Let h be n(-2). Suppose 3*l - 5 = h. Suppose l = -a + 19. List the prime factors of a.
17
Let q(n) be the third derivative of 85*n**4/24 - 7*n**3/6 - 3*n**2. Let u be q(7). Suppose -u = -2*p - 2*p. List the prime factors of p.
3, 7
Let t = 524 + -470. Suppose -t - 234 = -3*b. What are the prime factors of b?
2, 3
Let o = -88 - -102. Suppose -o*n + 3*n + 3311 = 0. List the prime factors of n.
7, 43
Suppose -3*a = -6*s + 173187, -6*s + 7*s + 2*a = 28877. List the prime factors of s.
28867
Let d = 200 + -362. Suppose -2*g + 40 = -b - 7, 3*g = 5*b + 235. Let n = b - d. What are the prime factors of n?
5, 23
Let f = -84 - -87. What are the prime factors of -7 + (194 - f) - -6?
2, 5, 19
Let o(y) = -y**2 + 19*y - 14. Let v be o(18). Suppose -2*m = 3*f - 1211, 2*f + 1208 = 2*m + v*f. What are the prime factors of m?
601
Suppose 0 = -5*x + 4*m + 50, -3*x = 4*m + m + 7. Let w(c) be the second derivative of 19*c**3/6 - 13*c**2/2 - 30*c + 14. What are the prime factors of w(x)?
101
Let h(c) = -c + 495. Suppose -5*r - 15 = -15. Let i be h(r). Suppose 9*p - 477 - i = 0. List the prime factors of p.
2, 3
Let c(v) = v**2 - 3*v - 8. Let f(r) = -3*r**2 + 10*r + 25. Let h(i) = -8*c(i) - 3*f(i). Let a be h(15). Let b = 210 - a. List the prime factors of b.
2, 43
Suppose -35968 - 26544 = -4*v - 4*k, -2*k = -2*v + 31268. List the prime factors of v.
7, 11, 29
Let p = -6755 - -24995. What are the prime factors of p?
2, 3, 5, 19
Suppose -2 - 10 = -2*x. Let z be (-12)/(x/(1 - 4)). Suppose -1946 = -8*s - z*s. List the prime factors of s.
139
Let b(o) = -o + 18. Let m(z) = z**2 - z + 2. Let k be m(-2). Let l be b(k). Suppose -l*s + 9*s = -54. What are the prime factors of s?
2, 3
Let m be (-7379)/(-10) + (-9 + 11)/20. Suppose 5*s - 3*u = 1972, 0 = -4*s - 3*u - m + 2294. List the prime factors of s.
2, 7
Let o be 4 - -1 - (-1 - -3). Suppose 3*t = 2*t - 3*m - 7, -3*t = -o*m - 27. Suppose t*g = -15, -3*x = 3*g - 1 - 176. What are the prime factors of x?
2, 31
Suppose -32 = 3*s - 38. What are the prime factors of (537/(-12))/(s/(-8))?
179
Let l(k) = -6737*k - 52. Let s be l(-2). Suppose 16*c - s = 1202. List the prime factors of c.
2, 457
Let y(q) = q**2 - 2*q - 11. Suppose 42*r = 47*r + 15. Let d be y(r). Suppose 2*m = n + 87, d*n + 46 = m + n. What are the prime factors of m?
43
Let c be (-1 - -1)*-1*(-1)/(-2). Suppose -7*h + 4*h + 390 = c. What are the prime factors of h?
2, 5, 13
Let s = 37 + -49. Let j = 16 + s. List the prime factors of 7/(-14) + 86/j.
3, 7
Let d be 20 - ((-1)/(-3) + 10/15). Suppose 0 = d*t + 2573 - 7836. What are the prime factors of t?
277
Suppose 76392 = -10*z + 28*z. What are the prime factors of z?
2, 1061
Suppose -86721 = -5*a - 2*o, 2*o - 9 = -13. What are the prime factors of a?
5, 3469
Let g = -44988 + 16604. What are the prime factors of (-2)/44*g - (-4)/(-22)?
2, 3, 5, 43
S